 remainder when 915 is divided by 71.
63
Calculate the remainder when 2160 is divided by 41.
28
Calculate the remainder when 288 is divided by 14.
8
Calculate the remainder when 77 is divided by 41.
36
Calculate the remainder when 159 is divided by 144.
15
What is the remainder when 116 is divided by 20?
16
Calculate the remainder when 408 is divided by 107.
87
What is the remainder when 763 is divided by 51?
49
Calculate the remainder when 6259 is divided by 29.
24
What is the remainder when 2153 is divided by 45?
38
What is the remainder when 872 is divided by 73?
69
What is the remainder when 27 is divided by 6?
3
What is the remainder when 1539 is divided by 18?
9
Calculate the remainder when 146 is divided by 4.
2
What is the remainder when 582 is divided by 12?
6
Calculate the remainder when 46 is divided by 8.
6
What is the remainder when 31 is divided by 18?
13
What is the remainder when 28312 is divided by 33?
31
What is the remainder when 599 is divided by 122?
111
Calculate the remainder when 243 is divided by 163.
80
What is the remainder when 256 is divided by 13?
9
What is the remainder when 4726 is divided by 472?
6
What is the remainder when 254 is divided by 76?
26
Calculate the remainder when 751 is divided by 126.
121
What is the remainder when 56 is divided by 6?
2
What is the remainder when 98 is divided by 45?
8
What is the remainder when 1081 is divided by 201?
76
What is the remainder when 97 is divided by 61?
36
What is the remainder when 2623 is divided by 105?
103
What is the remainder when 999 is divided by 50?
49
Calculate the remainder when 1177 is divided by 391.
4
What is the remainder when 284 is divided by 16?
12
Calculate the remainder when 85 is divided by 29.
27
Calculate the remainder when 2444 is divided by 34.
30
Calculate the remainder when 98 is divided by 37.
24
What is the remainder when 412 is divided by 289?
123
Calculate the remainder when 61 is divided by 5.
1
Calculate the remainder when 576 is divided by 116.
112
Calculate the remainder when 129 is divided by 15.
9
What is the remainder when 107 is divided by 27?
26
What is the remainder when 139 is divided by 20?
19
Calculate the remainder when 17217 is divided by 21.
18
What is the remainder when 701 is divided by 42?
29
Calculate the remainder when 708 is divided by 225.
33
Calculate the remainder when 1285 is divided by 15.
10
What is the remainder when 388 is divided by 44?
36
What is the remainder when 81 is divided by 30?
21
Calculate the remainder when 1622 is divided by 8.
6
What is the remainder when 431 is divided by 144?
143
Calculate the remainder when 23 is divided by 10.
3
Calculate the remainder when 1060 is divided by 15.
10
Calculate the remainder when 3305 is divided by 36.
29
Calculate the remainder when 216 is divided by 110.
106
Calculate the remainder when 27 is divided by 18.
9
Calculate the remainder when 550 is divided by 29.
28
Calculate the remainder when 12766 is divided by 129.
124
Calculate the remainder when 777 is divided by 242.
51
Calculate the remainder when 40 is divided by 25.
15
What is the remainder when 64 is divided by 60?
4
Calculate the remainder when 1135 is divided by 130.
95
Calculate the remainder when 2607 is divided by 45.
42
What is the remainder when 226 is divided by 110?
6
What is the remainder when 944 is divided by 134?
6
What is the remainder when 244 is divided by 113?
18
What is the remainder when 109 is divided by 39?
31
What is the remainder when 1230 is divided by 56?
54
Calculate the remainder when 3513 is divided by 27.
3
What is the remainder when 5735 is divided by 48?
23
Calculate the remainder when 9 is divided by 6.
3
What is the remainder when 6607 is divided by 118?
117
Calculate the remainder when 648 is divided by 10.
8
Calculate the remainder when 104 is divided by 21.
20
What is the remainder when 80 is divided by 2?
0
What is the remainder when 113 is divided by 25?
13
What is the remainder when 72 is divided by 23?
3
What is the remainder when 212 is divided by 8?
4
Calculate the remainder when 92 is divided by 31.
30
Calculate the remainder when 2378 is divided by 56.
26
Calculate the remainder when 617 is divided by 20.
17
What is the remainder when 389 is divided by 127?
8
What is the remainder when 31 is divided by 23?
8
Calculate the remainder when 18522 is divided by 95.
92
Calculate the remainder when 1096 is divided by 208.
56
Calculate the remainder when 4476 is divided by 636.
24
What is the remainder when 142 is divided by 66?
10
Calculate the remainder when 3324 is divided by 128.
124
Calculate the remainder when 950 is divided by 33.
26
What is the remainder when 1399 is divided by 459?
22
What is the remainder when 472 is divided by 148?
28
Calculate the remainder when 167 is divided by 8.
7
What is the remainder when 580 is divided by 27?
13
What is the remainder when 616 is divided by 23?
18
Calculate the remainder when 412 is divided by 18.
16
Calculate the remainder when 33 is divided by 7.
5
Calculate the remainder when 179 is divided by 14.
11
Calculate the remainder when 1079 is divided by 181.
174
What is the remainder when 369 is divided by 121?
6
What is the remainder when 29 is divided by 2?
1
What is the remainder when 220 is divided by 36?
4
What is the remainder when 711 is divided by 34?
31
Calculate the remainder when 597 is divided by 154.
135
What is the remainder when 13352 is divided by 84?
80
What is the remainder when 2584 is divided by 24?
16
What is the remainder when 1175 is divided by 14?
13
What is the remainder when 5416 is divided by 126?
124
What is the remainder when 628 is divided by 119?
33
What is the remainder when 1744 is divided by 50?
44
Calculate the remainder when 1763 is divided by 151.
102
What is the remainder when 641 is divided by 313?
15
Calculate the remainder when 513 is divided by 81.
27
Calculate the remainder when 5357 is divided by 141.
140
Calculate the remainder when 105 is divided by 72.
33
Calculate the remainder when 504 is divided by 43.
31
Calculate the remainder when 2349 is divided by 90.
9
Calculate the remainder when 1118 is divided by 19.
16
What is the remainder when 484 is divided by 101?
80
Calculate the remainder when 382 is divided by 79.
66
Calculate the remainder when 2830 is divided by 31.
9
Calculate the remainder when 88 is divided by 48.
40
Calculate the remainder when 13 is divided by 8.
5
What is the remainder when 159 is divided by 48?
15
Calculate the remainder when 36 is divided by 14.
8
What is the remainder when 649 is divided by 82?
75
What is the remainder when 422 is divided by 16?
6
What is the remainder when 1421 is divided by 84?
77
What is the remainder when 576 is divided by 17?
15
What is the remainder when 429 is divided by 217?
212
What is the remainder when 310 is divided by 84?
58
Calculate the remainder when 4417 is divided by 85.
82
What is the remainder when 96 is divided by 11?
8
What is the remainder when 54 is divided by 47?
7
What is the remainder when 9047 is divided by 26?
25
What is the remainder when 222 is divided by 191?
31
What is the remainder when 1872 is divided by 5?
2
What is the remainder when 16 is divided by 9?
7
Calculate the remainder when 1308 is divided by 326.
4
Calculate the remainder when 432 is divided by 207.
18
What is the remainder when 51 is divided by 5?
1
Calculate the remainder when 67 is divided by 62.
5
What is the remainder when 394 is divided by 32?
10
Calculate the remainder when 357 is divided by 177.
3
Calculate the remainder when 24751 is divided by 111.
109
What is the remainder when 6611 is divided by 12?
11
What is the remainder when 1052 is divided by 59?
49
Calculate the remainder when 2103 is divided by 26.
23
What is the remainder when 1129 is divided by 18?
13
Calculate the remainder when 1239 is divided by 40.
39
What is the remainder when 581 is divided by 101?
76
Calculate the remainder when 335 is divided by 68.
63
Calculate the remainder when 2666 is divided by 12.
2
Calculate the remainder when 128 is divided by 40.
8
Calculate the remainder when 18865 is divided by 89.
86
What is the remainder when 231 is divided by 9?
6
What is the remainder when 1124 is divided by 292?
248
Calculate the remainder